{"id":123,"date":"2021-10-01T18:15:03","date_gmt":"2021-10-01T18:15:03","guid":{"rendered":"https:\/\/www.vantaanpelimannit.fi\/?page_id=123"},"modified":"2024-01-29T11:09:19","modified_gmt":"2024-01-29T11:09:19","slug":"ota-yhteytta-2","status":"publish","type":"page","link":"https:\/\/www.vantaanpelimannit.fi\/?page_id=123","title":{"rendered":"Ota yhteytt\u00e4"},"content":{"rendered":"\n<p class=\"has-larger-font-size\"><strong>Timo H\u00e4m\u00e4l\u00e4inen pj.  timohamalainen90(at)gmail.com<\/strong><br>                                 <strong>+358503386174<\/strong><\/p>\n\n\n\n<p class=\"has-larger-font-size\"><strong>Erkki Latvasto siht.  erkki.latvasto(at)elisanet.fi<br>                                 +358505609138<\/strong><\/p>\n\n\n\n<p><\/p>\n\n\n<h6>&nbsp;<\/h6>\n\n\n<pre class=\"wp-block-preformatted\"><\/pre>\n\n\n\n<h2 class=\"wp-block-heading\"><\/h2>\n","protected":false},"excerpt":{"rendered":"<p>Timo H\u00e4m\u00e4l\u00e4inen pj. timohamalainen90(at)gmail.com +358503386174 Erkki Latvasto siht. erkki.latvasto(at)elisanet.fi +358505609138 &nbsp;<\/p>\n","protected":false},"author":1,"featured_media":0,"parent":0,"menu_order":0,"comment_status":"closed","ping_status":"closed","template":"","meta":{"footnotes":""},"class_list":["post-123","page","type-page","status-publish","hentry"],"_links":{"self":[{"href":"https:\/\/www.vantaanpelimannit.fi\/index.php?rest_route=\/wp\/v2\/pages\/123","targetHints":{"allow":["GET"]}}],"collection":[{"href":"https:\/\/www.vantaanpelimannit.fi\/index.php?rest_route=\/wp\/v2\/pages"}],"about":[{"href":"https:\/\/www.vantaanpelimannit.fi\/index.php?rest_route=\/wp\/v2\/types\/page"}],"author":[{"embeddable":true,"href":"https:\/\/www.vantaanpelimannit.fi\/index.php?rest_route=\/wp\/v2\/users\/1"}],"replies":[{"embeddable":true,"href":"https:\/\/www.vantaanpelimannit.fi\/index.php?rest_route=%2Fwp%2Fv2%2Fcomments&post=123"}],"version-history":[{"count":7,"href":"https:\/\/www.vantaanpelimannit.fi\/index.php?rest_route=\/wp\/v2\/pages\/123\/revisions"}],"predecessor-version":[{"id":353,"href":"https:\/\/www.vantaanpelimannit.fi\/index.php?rest_route=\/wp\/v2\/pages\/123\/revisions\/353"}],"wp:attachment":[{"href":"https:\/\/www.vantaanpelimannit.fi\/index.php?rest_route=%2Fwp%2Fv2%2Fmedia&parent=123"}],"curies":[{"name":"wp","href":"https:\/\/api.w.org\/{rel}","templated":true}]}}