{"id":152,"date":"2021-10-11T18:14:50","date_gmt":"2021-10-11T18:14:50","guid":{"rendered":"https:\/\/www.vantaanpelimannit.fi\/?page_id=152"},"modified":"2025-02-09T20:24:32","modified_gmt":"2025-02-09T20:24:32","slug":"soittopalveluja","status":"publish","type":"page","link":"https:\/\/www.vantaanpelimannit.fi\/?page_id=152","title":{"rendered":"Soittopalveluja"},"content":{"rendered":"\n<p class=\"has-large-font-size\"><\/p>\n\n\n\n<h2 class=\"wp-block-heading has-accent-background-color has-background\">Tarjoamme Juhliinne soittopalveluja <\/h2>\n\n\n\n<h4 class=\"wp-block-heading\">Haluamaanne pelimanni- ja tanssimusiikkia erilaisissa kokoonpanoissa. <br>Kysy lis\u00e4\u00e4 : Timo H\u00e4m\u00e4l\u00e4inen, pj 0503386174 timohamalainen@gmail.com  tai             Erkki Latvasto,  siht. 0505609138, erkki.latvasto@elisanet.fi <\/h4>\n\n\n\n<p><\/p>\n","protected":false},"excerpt":{"rendered":"<p>Tarjoamme Juhliinne soittopalveluja Haluamaanne pelimanni- ja tanssimusiikkia erilaisissa kokoonpanoissa. Kysy lis\u00e4\u00e4 : Timo H\u00e4m\u00e4l\u00e4inen, pj 0503386174 timohamalainen@gmail.com tai Erkki Latvasto, siht. 0505609138, erkki.latvasto@elisanet.fi<\/p>\n","protected":false},"author":1,"featured_media":0,"parent":0,"menu_order":0,"comment_status":"closed","ping_status":"closed","template":"","meta":{"footnotes":""},"class_list":["post-152","page","type-page","status-publish","hentry"],"_links":{"self":[{"href":"https:\/\/www.vantaanpelimannit.fi\/index.php?rest_route=\/wp\/v2\/pages\/152","targetHints":{"allow":["GET"]}}],"collection":[{"href":"https:\/\/www.vantaanpelimannit.fi\/index.php?rest_route=\/wp\/v2\/pages"}],"about":[{"href":"https:\/\/www.vantaanpelimannit.fi\/index.php?rest_route=\/wp\/v2\/types\/page"}],"author":[{"embeddable":true,"href":"https:\/\/www.vantaanpelimannit.fi\/index.php?rest_route=\/wp\/v2\/users\/1"}],"replies":[{"embeddable":true,"href":"https:\/\/www.vantaanpelimannit.fi\/index.php?rest_route=%2Fwp%2Fv2%2Fcomments&post=152"}],"version-history":[{"count":9,"href":"https:\/\/www.vantaanpelimannit.fi\/index.php?rest_route=\/wp\/v2\/pages\/152\/revisions"}],"predecessor-version":[{"id":442,"href":"https:\/\/www.vantaanpelimannit.fi\/index.php?rest_route=\/wp\/v2\/pages\/152\/revisions\/442"}],"wp:attachment":[{"href":"https:\/\/www.vantaanpelimannit.fi\/index.php?rest_route=%2Fwp%2Fv2%2Fmedia&parent=152"}],"curies":[{"name":"wp","href":"https:\/\/api.w.org\/{rel}","templated":true}]}}